{"id":24507,"date":"2026-02-09T22:40:29","date_gmt":"2026-02-09T21:40:29","guid":{"rendered":"https:\/\/attivitavincenti.it\/?post_type=product&#038;p=24507"},"modified":"2026-02-12T22:15:35","modified_gmt":"2026-02-12T21:15:35","slug":"plus","status":"publish","type":"product","link":"https:\/\/attivitavincenti.it\/?product=plus","title":{"rendered":"PLUS"},"content":{"rendered":"<p data-start=\"1152\" data-end=\"1240\">Il piano <strong data-start=\"1161\" data-end=\"1169\">PLUS<\/strong> \u00e8 pensato per chi desidera ottenere la massima visibilit\u00e0 sul portale.<\/p>\n<p data-start=\"1242\" data-end=\"1446\">Oltre alla pubblicazione e visibilit\u00e0 nella categoria di appartenenza, la tua attivit\u00e0 verr\u00e0 messa <strong data-start=\"1341\" data-end=\"1371\">in evidenza nella homepage<\/strong>, aumentando significativamente l\u2019esposizione e le opportunit\u00e0 di contatto.<\/p>\n<p data-start=\"1448\" data-end=\"1465\">Il piano include:<\/p>\n<ul data-start=\"1466\" data-end=\"1644\">\n<li data-start=\"1466\" data-end=\"1526\">\n<p data-start=\"1468\" data-end=\"1526\">Inserimento dell\u2019attivit\u00e0 nella categoria di riferimento<\/p>\n<\/li>\n<li data-start=\"1527\" data-end=\"1570\">\n<p data-start=\"1529\" data-end=\"1570\">Visibilit\u00e0 su tutti i servizi collegati<\/p>\n<\/li>\n<li data-start=\"1571\" data-end=\"1608\">\n<p data-start=\"1573\" data-end=\"1608\">Evidenza con comparsa in homepage<\/p>\n<\/li>\n<li data-start=\"1609\" data-end=\"1644\">\n<p data-start=\"1611\" data-end=\"1644\">Durata: 1 anno dall\u2019attivazione<\/p>\n<\/li>\n<\/ul>\n<p data-start=\"1646\" data-end=\"1736\">Una soluzione ideale per distinguersi dalla concorrenza e valorizzare la propria attivit\u00e0.<\/p>\n<p data-start=\"1738\" data-end=\"1770\"><strong data-start=\"1738\" data-end=\"1770\">Costo: \u20ac 290,00 (esente IVA)<\/strong><\/p>\n","protected":false},"excerpt":{"rendered":"<p>Pubblicazione nella categoria di riferimento con visibilit\u00e0 estesa e presenza in evidenza in homepage per 12 mesi. Massima visibilit\u00e0 per la tua attivit\u00e0.<\/p>\n","protected":false},"featured_media":24508,"comment_status":"closed","ping_status":"closed","template":"","meta":[],"product_brand":[],"product_cat":[3257],"product_tag":[],"class_list":{"0":"post-24507","1":"product","2":"type-product","3":"status-publish","4":"has-post-thumbnail","6":"product_cat-pacchetti","8":"first","9":"instock","10":"virtual","11":"purchasable","12":"product-type-simple"},"_links":{"self":[{"href":"https:\/\/attivitavincenti.it\/index.php?rest_route=\/wp\/v2\/product\/24507","targetHints":{"allow":["GET"]}}],"collection":[{"href":"https:\/\/attivitavincenti.it\/index.php?rest_route=\/wp\/v2\/product"}],"about":[{"href":"https:\/\/attivitavincenti.it\/index.php?rest_route=\/wp\/v2\/types\/product"}],"replies":[{"embeddable":true,"href":"https:\/\/attivitavincenti.it\/index.php?rest_route=%2Fwp%2Fv2%2Fcomments&post=24507"}],"wp:featuredmedia":[{"embeddable":true,"href":"https:\/\/attivitavincenti.it\/index.php?rest_route=\/wp\/v2\/media\/24508"}],"wp:attachment":[{"href":"https:\/\/attivitavincenti.it\/index.php?rest_route=%2Fwp%2Fv2%2Fmedia&parent=24507"}],"wp:term":[{"taxonomy":"product_brand","embeddable":true,"href":"https:\/\/attivitavincenti.it\/index.php?rest_route=%2Fwp%2Fv2%2Fproduct_brand&post=24507"},{"taxonomy":"product_cat","embeddable":true,"href":"https:\/\/attivitavincenti.it\/index.php?rest_route=%2Fwp%2Fv2%2Fproduct_cat&post=24507"},{"taxonomy":"product_tag","embeddable":true,"href":"https:\/\/attivitavincenti.it\/index.php?rest_route=%2Fwp%2Fv2%2Fproduct_tag&post=24507"}],"curies":[{"name":"wp","href":"https:\/\/api.w.org\/{rel}","templated":true}]}}